.
155
Calculate the highest common divisor of 1027430 and 10.
10
What is the highest common divisor of 3835724 and 4?
4
Calculate the highest common divisor of 176 and 4195840.
176
What is the highest common factor of 58982 and 1078?
154
Calculate the greatest common divisor of 1825 and 46175.
25
Calculate the greatest common factor of 1122 and 6666.
66
Calculate the greatest common factor of 10179 and 351.
351
What is the greatest common factor of 1807 and 22379?
139
Calculate the greatest common divisor of 583 and 2189.
11
What is the highest common factor of 81 and 9549?
9
What is the greatest common divisor of 666744 and 1248?
312
Calculate the greatest common factor of 95484 and 1314.
438
Calculate the highest common divisor of 2 and 1278.
2
Calculate the greatest common divisor of 175 and 200.
25
Calculate the highest common factor of 89146 and 371.
53
Calculate the greatest common factor of 1881 and 243.
9
What is the highest common divisor of 40 and 224640?
40
Calculate the highest common factor of 1 and 39233.
1
Calculate the greatest common divisor of 3537220 and 852.
284
Calculate the greatest common factor of 52 and 29952.
52
What is the greatest common factor of 148 and 19129?
37
What is the highest common divisor of 1415 and 849?
283
What is the greatest common factor of 6368 and 118604?
796
Calculate the highest common divisor of 8 and 290356.
4
Calculate the greatest common factor of 174261 and 551.
29
What is the highest common divisor of 3983563 and 43?
43
What is the greatest common factor of 352 and 4026?
22
What is the highest common factor of 411400 and 60?
20
What is the greatest common factor of 6016578 and 89?
89
What is the greatest common factor of 26828 and 1596?
76
What is the greatest common divisor of 190 and 1760?
10
Calculate the greatest common divisor of 78010 and 10.
10
What is the highest common factor of 23560 and 1736?
248
What is the greatest common divisor of 500064 and 96?
96
Calculate the highest common factor of 89 and 1361522.
89
What is the greatest common divisor of 248 and 1829?
31
What is the greatest common divisor of 287856 and 1296?
144
What is the greatest common factor of 20 and 653540?
20
What is the greatest common divisor of 4222710 and 90?
90
What is the highest common factor of 16 and 19628?
4
Calculate the greatest common divisor of 572 and 391754.
22
What is the greatest common divisor of 397 and 104411?
397
Calculate the greatest common divisor of 30 and 13689.
3
What is the greatest common divisor of 332 and 3664118?
166
What is the highest common factor of 2244237 and 996?
249
Calculate the highest common factor of 1449 and 136045.
161
Calculate the highest common factor of 490 and 2227295.
245
Calculate the greatest common factor of 154 and 42020.
22
What is the highest common factor of 193619 and 2?
1
Calculate the highest common factor of 666 and 2516.
74
What is the greatest common factor of 7230 and 6330?
30
What is the highest common divisor of 33375 and 90?
15
What is the greatest common factor of 386 and 660?
2
Calculate the highest common divisor of 228750 and 300.
150
Calculate the highest common factor of 34764537 and 141.
141
What is the highest common factor of 699276 and 228?
228
What is the greatest common factor of 90 and 2115?
45
What is the highest common factor of 491920 and 143?
143
Calculate the greatest common factor of 60 and 198280.
20
What is the highest common divisor of 70 and 2170?
70
What is the greatest common factor of 80 and 4730?
10
Calculate the highest common divisor of 52794 and 42.
42
What is the greatest common factor of 193550 and 98?
98
What is the highest common divisor of 936684 and 708?
708
What is the highest common divisor of 11179 and 1?
1
What is the greatest common factor of 56144 and 928?
464
Calculate the highest common divisor of 1428636 and 548.
548
What is the highest common divisor of 4305 and 915?
15
What is the highest common factor of 132 and 17245668?
132
What is the greatest common divisor of 515 and 7662685?
515
Calculate the highest common divisor of 3152424 and 264.
264
Calculate the highest common factor of 1146 and 2076.
6
Calculate the highest common factor of 298 and 868074.
298
What is the greatest common factor of 371169 and 3495?
699
Calculate the greatest common divisor of 5687 and 8107.
121
What is the highest common divisor of 2148 and 294?
6
Calculate the highest common divisor of 67564 and 3724.
532
What is the greatest common divisor of 31394 and 4312?
22
Calculate the highest common factor of 102 and 15577746.
102
What is the greatest common factor of 665810 and 5560?
1390
What is the greatest common factor of 7667 and 4223?
41
What is the highest common divisor of 79415 and 35?
35
Calculate the greatest common factor of 1749 and 74041.
583
Calculate the greatest common divisor of 69564 and 33.
33
Calculate the greatest common divisor of 11 and 11581691.
11
Calculate the greatest common factor of 2871 and 571068.
261
Calculate the greatest common divisor of 3240 and 6885.
405
Calculate the greatest common divisor of 880792 and 176.
88
What is the highest common divisor of 378282 and 2010?
402
Calculate the greatest common divisor of 525 and 67350.
75
What is the highest common factor of 5643052 and 58?
58
Calculate the highest common divisor of 53042 and 484.
22
What is the highest common divisor of 57 and 63137?
19
What is the greatest common factor of 13884 and 2886?
78
Calculate the greatest common divisor of 26 and 21853.
13
Calculate the highest common divisor of 407 and 10693.
37
Calculate the greatest common factor of 341 and 12881.
11
What is the greatest common factor of 83 and 3569?
83
Calculate the highest common divisor of 42607 and 411.
137
What is the highest common factor of 1107 and 7134?
123
What is the greatest common factor of 338 and 203749?
13
What is the greatest common divisor of 380 and 526680?
380
Calculate the greatest common factor of 71811 and 76077.
711
What is the greatest common factor of 44350 and 38141?
887
Calculate the highest common divisor of 1185 and 1569.
3
Calculate the greatest common divisor of 96 and 1103136.
96
What is the greatest common factor of 689995 and 5?
5
Calculate the greatest common divisor of 76 and 250.
2
What is the highest common divisor of 15875 and 5969?
127
Calculate the greatest common factor of 18088 and 540.
4
What is the greatest common factor of 520 and 4420?
260
Calculate the highest common divisor of 746 and 342787.
373
Calculate the greatest common factor of 2844 and 13872.
12
Calculate the greatest common factor of 4387 and 34240.
107
Calculate the highest common factor of 99029 and 817.
43
Calculate the highest common factor of 428232 and 216.
24
What is the highest common divisor of 396888 and 48?
24
What is the highest common divisor of 396 and 188892?
396
What is the greatest common divisor of 48433 and 561?
187
Calculate the greatest common divisor of 33804 and 12.
12
What is the greatest common divisor of 3 and 60511?
1
Calculate the greatest common factor of 15 and 5033505.
15
What is the greatest common factor of 28523 and 1837?
11
What is the highest common factor of 1039 and 217?
1
Calculate the greatest common divisor of 120 and 54880.
40
Calculate the greatest common factor of 396 and 86178.
6
What is the greatest common factor of 382 and 10679574?
382
What is the highest common factor of 20412 and 1863?
81
Calculate the greatest common divisor of 1007290 and 30.
10
Calculate the greatest common divisor of 4 and 5714.
2
Calculate the greatest common divisor of 175420 and 2646.
98
What is the greatest common divisor of 52245 and 258?
129
What is the highest common factor of 74045 and 118?
59
What is the highest common factor of 57330 and 4446?
234
What is the greatest common divisor of 250 and 950?
50
Calculate the greatest common divisor of 15181 and 3553.
323
What is the highest common divisor of 37928 and 440?
88
What is the greatest common divisor of 2610 and 10875?
435
What is the highest common factor of 10542090 and 195?
195
Calculate the highest common divisor of 15690 and 16.
2
Calculate the greatest common factor of 66062 and 272.
34
Calculate the greatest common factor of 16819 and 4609.
11
What is the greates